w. Let r be q(u). Let n = 25 - r. What is the tens digit of n?
9
Let h(q) be the second derivative of q**6/120 + 151*q**5/120 - 5*q**4/4 - 12*q. Let u(l) be the third derivative of h(l). What is the hundreds digit of u(0)?
1
Let n(w) = -5*w - 23. Let c be n(-6). Suppose 3010 = 3*h + 5*o, c*o = 5*h + 6*o - 4970. What is the hundreds digit of h?
9
Suppose -26*y + 702 = -23*y. Let i = 358 + y. What is the hundreds digit of i?
5
Let t(i) = 2*i**2 + 22*i - 8. Let l be t(-14). Suppose -5*g + 3*g - 2*f + l = 0, 3*f + 22 = g. What is the units digit of g?
4
Let x(b) = b**3 + 2*b**2 - 5*b. Suppose -11 - 7 = -6*r. Suppose 5*q - 18 = -5*j + r*j, 0 = -4*j - 4. What is the tens digit of x(q)?
7
Suppose v - 460 = 4*p, -9*v = -11*v + p + 892. What is the units digit of (v/(-48) + 1)/((-2)/16)?
6
Let x be (2 - (-4)/(-6)) + 45623/129. Let w = 384 - x. What is the units digit of w?
9
Let g(s) = -s - 38. Let k be g(-9). Let w = k - -27. What is the tens digit of (w*54)/(9/(-12))?
4
Suppose 2*c + 2*y = -2*c - 230, -3*y = 3*c + 174. Let g = 52 + c. What is the tens digit of g/(135/(-1194)) - 8/36?
4
What is the ten thousands digit of (305236/24)/(78/468)?
7
Let k = 1477 - -698. What is the units digit of k?
5
Suppose -33*b + 1506 = 351. What is the hundreds digit of 45793/33 - b/(-15)?
3
Let r(b) = -18*b**3 + 3*b**2 + 8*b + 6. Let y be r(-3). Let o = -299 + y. What is the hundreds digit of o?
1
Let k be (6/(-10))/((-13)/65) + 1. Suppose -k*z + 25 = z. Let v = 9 + z. What is the units digit of v?
4
Let c = -15 - -42. Suppose 19*g + 40 = c*g. What is the units digit of g?
5
Suppose 24*f + 31*f - 1086061 = 18*f. What is the thousands digit of f?
9
Let w = 43 - 33. Let c(q) = -w*q - 2*q - q - 18*q. What is the units digit of c(-2)?
2
Suppose 24*q - 4*d = 23*q + 38510, 4*q - d = 153920. What is the hundreds digit of q?
4
Suppose 88*i - 740553 = -343890 + 887433. What is the hundreds digit of i?
5
Let l(t) = 0 + t - 1 + 5 + 4. Let u be l(-11). Let y = 39 - u. What is the units digit of y?
2
Suppose 14794 = 2*h + 4*r, -3*h + 146*r = 141*r - 22158. What is the units digit of h?
1
Let s = -32 + 54. Suppose 6 + s = d - n, 15 = 5*n. Suppose 2*k + d = 3*k. What is the tens digit of k?
3
Let h(i) = 2*i + 4. Let j be h(-2). Suppose j = -0*d - d - 3, 5*w = d + 23. Suppose -339 = -3*u - 3*s, 6*u = 7*u + w*s - 119. What is the tens digit of u?
1
Let j(g) = -27*g + 13. Let m(i) = 0 - 2 + 7*i - 4 + 7*i. Let h(k) = 3*j(k) + 7*m(k). What is the tens digit of h(5)?
8
Let n(v) = -359*v + 705*v - 359*v + 33. What is the hundreds digit of n(-15)?
2
What is the tens digit of (-138)/(-1932) + (-3346724)/(-56)?
6
Let o(a) = -a**3 + 10*a**2 + 12*a - 9. Let t be o(11). Suppose -t*v = -3*x - 214, x = -3 - 1. Suppose 8*j - v = 163. What is the units digit of j?
3
Suppose -2676*h + 549407 + 642685 = -2632*h. What is the tens digit of h?
9
Let a(z) = z**3 + 26*z**2 + 68*z - 14. Let n be a(-23). Let l be ((-21)/3)/((-1)/3). What is the units digit of 2800/l - 3/n?
3
Let b(k) = k**2 - 38*k - 2946. What is the units digit of b(-39)?
7
Let f(t) = 110 - 3*t + 2*t - 2*t**2 + t**2. Suppose -3*o - 3*i = i, -4*o + 2*i = 0. What is the tens digit of f(o)?
1
Let v = 20 + -18. Suppose -2*t - 4*s + 0*s = -646, v*t - 646 = -3*s. What is the tens digit of t?
2
Suppose -28*m = 3*m - 234205 - 117118. What is the units digit of m?
3
Let f be (1*(-105)/14)/(3/(-6)). Suppose -3*g - f = 0, p + 3*g - 259 = 5*g. What is the hundreds digit of p?
2
Let c = -107 - -217. Suppose 75 + c = 5*b. Suppose -622 + b = -5*t. What is the units digit of t?
7
Let o(a) = -14*a + 16. Let v be (-2)/(-1) - (-88)/(-4). Let x be (-58)/10 + 4/v. What is the tens digit of o(x)?
0
Let b be (-8 - (-52)/8) + (-6530)/4. Let l = -969 - b. What is the hundreds digit of l?
6
Let j(z) = -264*z**3 - 88*z**2 + 13*z + 23. What is the thousands digit of j(-4)?
5
Let d be -3 + 1 - (-5)/(-4)*4. Let r(b) = -2*b**3 - 7*b**2 - 25*b - 106. What is the tens digit of r(d)?
1
Let q be (-13 + 1)*3/(-24)*2. What is the units digit of 1024/q - (-77)/(-33)?
9
Suppose 0 = -42*s + 43*s + 3. Let h(q) = 97*q**2 + q - 1. What is the units digit of h(s)?
9
Suppose -17*s = -27 - 41. Suppose 4*d + 245 = i, 2*d = s*d + 2. What is the tens digit of i?
4
Let k = 9 - -5. Suppose 0 = 3*x - 2*s, 2*x - x + 4*s = k. What is the hundreds digit of (x - (-2 + 2)) + 452/4?
1
Let i be 2891/(4 - (9 - 4)). Let x = i - -4194. What is the tens digit of x?
0
Let a(b) = 803*b + 21600. What is the ten thousands digit of a(0)?
2
Let a(n) = -16*n + 163. Let d be a(10). Suppose d*l = 5*m - 3969, -5*m = 26*l - 28*l - 3966. What is the units digit of m?
2
Suppose 3*l - 72 - 27 = -4*y, 4*l - 2*y = 110. Let j = 158 - l. Suppose -4*i + 7*i - 4*c = 125, 3*c = 3*i - j. What is the tens digit of i?
4
Suppose -2*u + 4*r + 136844 = 0, -2*u + 82*r - 80*r + 136828 = 0. What is the ten thousands digit of u?
6
Suppose 10*k - 12*k - 5*h - 9 = 0, 4*k = -2*h + 6. Suppose k*n + 1688 = 7*n. What is the hundreds digit of n?
4
Suppose g + m - 117 = 50, 0 = -5*g - 2*m + 844. Let s = 153 + g. What is the hundreds digit of s?
3
Let r = -234 + 1038. Suppose -4*z - r = -5*q - 5*z, 4*q = -4*z + 640. Suppose -3 = 2*b - q. What is the units digit of b?
9
Suppose -86 = 5*d + 144. Let r = d - -52. Suppose 0 = -r*u + 5*u + 102. What is the hundreds digit of u?
1
Let a = 8618 - -6543. What is the thousands digit of a?
5
Suppose -18*d = -5*d + 21*d - 346256. What is the units digit of d?
4
Suppose 21 = 3*b + 6. Suppose 368 = -b*i - 397. Let p = -89 - i. What is the tens digit of p?
6
Let l(m) = 17*m - 14. Let r(o) = 3. Let f(z) = 2*l(z) + 4*r(z). What is the units digit of f(27)?
2
Let u(j) = j**2 + 4*j - 42. Suppose 23*h - 32 = 359. What is the units digit of u(h)?
5
Suppose -33*c - 2*j = -31*c - 3722, -9275 = -5*c + j. What is the hundreds digit of c?
8
Suppose 326248 = 17*q + 21251. What is the units digit of q?
1
Let g = 43082 + -25736. What is the hundreds digit of g?
3
Let b(o) = -o**3 + 8*o**2 + 29*o + 41. Let w be b(12). Let f = -46 - w. What is the units digit of f?
1
Let v(o) be the second derivative of -7*o**3/6 - 13*o**2 - 16*o. Let g be v(-7). Suppose 4*u = -i + g, -27 + 108 = 5*i + 3*u. What is the tens digit of i?
1
Let r be 2/(-5) + -22*68/(-40). Let v = 45 - r. What is the units digit of v/36 + 3180/27?
8
What is the hundreds digit of (-33)/(-12)*(4/(-10) - 593568/(-720))?
2
Let f(u) = 8*u**2 - 8*u - 17. Let q(i) = -3*i**2 + 3*i + 5. Let p(l) = -4*f(l) - 11*q(l). What is the hundreds digit of p(16)?
2
Suppose 3*u - 4*k - k = 362, 0 = u - 5*k - 134. Suppose 0 = -120*q + u*q + 3864. What is the tens digit of q?
4
Let o(p) = p**2 - 11*p + 33. Let r be o(3). Suppose 0 = -4*l + 5*h + 2782, -3*l = 2*h - 2084 + r. What is the units digit of l?
3
Let k be (1 + -2)*(-4 - (-36)/9). Suppose -2*a = 5*y - 143, k*a + 4*a - 3*y = 351. What is the tens digit of a?
8
Let r(w) = -6 + 0*w + 11 + 2 - 5*w. Let k be r(-3). Suppose -k*v = -26*v + 40. What is the units digit of v?
0
Let d(w) be the second derivative of -37*w**3/3 - 11*w**2 + 44*w. Let k be d(5). What is the hundreds digit of ((-15)/(-4))/(777/k - -2)?
2
Let n(l) = -22*l**2 - 10*l + 28. Let h be n(7). Let z = -335 - h. What is the units digit of z?
5
Suppose 0 = -4*h + 8 + 44. Suppose 0 = -17*r + h*r - 12. Let l(o) = 14*o**2 - 4*o - 2. What is the tens digit of l(r)?
3
Let a(y) = -4*y - 37. Let q be a(-10). Suppose -2*z - q*u = -1199, z + 2*u = 873 - 276. What is the units digit of z?
7
What is the ten thousands digit of ((-67621)/3)/((-29)/(-1566)*-18)?
6
Let i(t) = -875*t - 2246. What is the units digit of i(-13)?
9
Let t be (544/(-48) - -11)/((-1)/9). Suppose -7*i + 3*i - t*s + 4881 = 0, -5*s = -4*i + 4857. What is the units digit of i?
8
Let w = -11 - -18. Let j(u) = 11*u**2 + 17*u - 68. What is the tens digit of j(w)?
9
Suppose 2*a - 66 = -3*f - a, -5*a = 2*f - 35. Let k = f - 22. Suppose 393 = -0*w + 5*w - k*p, p + 320 = 4*w. What is the units digit of w?
1
Suppose 10*d - 257792 = -34*d + 439124. What is the hundreds digit of d?
8
Suppose 2323118 = 7*o + 12*o + 15*o. What is the hundreds digit of o?
3
Suppose 0 = 111*q - 1178401 - 3768869. What is the thousands digit of q?
4
Let i be ((-4)/5)/(46/(-805)). Suppose 14673 = i*j + 3403. What is the tens digit of j?